{"id":41,"date":"2014-06-19T10:08:47","date_gmt":"2014-06-19T10:08:47","guid":{"rendered":"http:\/\/accesspressthemes.com\/accesspresslite-pro\/?p=41"},"modified":"2025-09-17T19:34:02","modified_gmt":"2025-09-17T19:34:02","slug":"our-services","status":"publish","type":"page","link":"https:\/\/www.molinsderei.site\/cursasantmiquel\/our-services\/","title":{"rendered":"Cursa 3,5 km"},"content":{"rendered":"<h4 class=\"wp-block-heading\">Inscripcions tancades per la web:<\/h4>\n<h4>Podeu c\u00f3rrer les curses d\u20191,5 km i 3,5 km, amb el dorsal\u00a0<strong>lila i blau<\/strong>, per\u00f2 sense xip i sense opci\u00f3 a classificaci\u00f3. Es podran fer inscripcions presencials al pati de l\u2019Escola el Palau (el dies de recollida de dorsals).<\/h4>\n<ul>\n<li>\n<h4><strong>No es faran inscripcions el mateix dia de la cursa<\/strong><\/h4>\n<\/li>\n<\/ul>\n<p><span style=\"color: #0f376f; font-size: 16px;\">La cursa Popular amb un recorregut de 3,5 km, amb inscripci\u00f3 gratu\u00efta, convida a tothom a participar d&#8217;aquesta festa esportiva, enguany les inscripcions es faran mitjan\u00e7ant la p\u00e0gina web de l&#8217;empresa Lasttiming.es . Us esperem a tots i a totes!<\/span><\/p>\n<p><span style=\"color: #0f376f; font-size: 16px;\"><strong>Cursa 3,5 km<\/strong>, a partir dels 12 anys (nascuts a l&#8217;any 2013 i anteriors).<\/span><\/p>\n<ul>\n<li><span style=\"color: #0f376f; font-size: 16px;\">Sortida a les 10.30 h, del Passeig del Terrapl\u00e8, davant de la Pla\u00e7a de la Llibertat.<\/span><\/li>\n<li><span style=\"color: #0f376f; font-size: 16px;\">Per poder participar a la cursa i optar a classificar-se, \u00e9s obligatori c\u00f3rrer amb el dorsal de l&#8217;organitzaci\u00f3.<\/span><\/li>\n<li><span style=\"color: #0f376f; font-size: 16px;\">Lliurament de dorsal amb xip (dorsal blau), pel recorregut de 3,5 km: divendres 19, de 17.00 a 20.00 h i dissabte 20, de 10.00 a 13.00 h, al pati de l\u2019escola El Palau, carrer Rafael de Casanova, 49, 08750 Molins de Rei, (entrada pel pati). <strong>NO \u00c9S PODR\u00c0 PARTICIPAR SENSE DORSAL. <\/strong><\/span><\/li>\n<li><span style=\"color: #0f376f; font-size: 16px;\">Inscripcions fins dimarts 16 de setembre a les 15 h, amb opci\u00f3 de classificaci\u00f3 i xip, les inscripcions estan limitades a 500 inscrits. Es podran fer inscripcions un cop tancat el per\u00edode d\u2019inscripci\u00f3, al pati de l&#8217;escola El Palau, els dies de recollida de dorsals, <strong>per\u00f2 no optaran a classificaci\u00f3 ni a premi.<\/strong><\/span><\/li>\n<li><span style=\"color: #0f376f; font-size: 16px;\"><strong>No es faran inscripcions el mateix dia de la cursa<\/strong><\/span><\/li>\n<li><span style=\"color: #0f376f; font-size: 16px;\">Tots els participants gaudiran d&#8217;un obsequi.<\/span><\/li>\n<\/ul>\n<p><span style=\"color: #0f376f; font-size: 16px;\"><strong>Classificaci\u00f3 i premis:<\/strong><\/span><\/p>\n<ul>\n<li><span style=\"color: #0f376f; font-size: 16px;\">Trofeu Francesc Monfort als guanyadors absoluts mascul\u00ed i femen\u00ed<\/span><\/li>\n<\/ul>\n<p><span style=\"color: #0f376f; font-size: 16px;\">La Cursa Popular de Sant Miquel atorgar\u00e0 trofeus als tres primers guanyadors absoluts, mascul\u00ed i femen\u00ed, i als tres primers classificats, tant mascul\u00ed com femen\u00ed, de cada categoria. Els premis no seran acumulatius. <\/span><\/p>\n<p><span style=\"color: #0f376f; font-size: 16px;\">Entrega de premis a les 11.30 ha, a la Pla\u00e7a de la Llibertat.<\/span><\/p>\n<table width=\"558\">\n<tbody>\n<tr>\n<td width=\"444\"><span style=\"color: #000080;\"><strong>3,5 km i la inicien els de 1r de secund\u00e0ria<\/strong><\/span><\/td>\n<td width=\"113\"><\/td>\n<\/tr>\n<tr>\n<td width=\"444\">De 12 a 13 anys (nascuts entre el 2013 i el 2012)<\/td>\n<td width=\"113\">Infantil\u00a0M i F<\/td>\n<\/tr>\n<tr>\n<td width=\"444\">De 14 a 15 anys (nascuts entre el 2011 i el 2010)<\/td>\n<td width=\"113\">Cadet\u00a0M i F<\/td>\n<\/tr>\n<tr>\n<td width=\"444\">De 16 a 19 anys (nascuts entre el 2009 i el 2006)<\/td>\n<td width=\"113\">AM i AF<\/td>\n<\/tr>\n<tr>\n<td width=\"444\">De 20 a 30 anys (nascuts entre el 2005 i el 1995)<\/td>\n<td width=\"113\">BM i BF<\/td>\n<\/tr>\n<tr>\n<td width=\"444\">De 31 a 40 anys (nascuts entre el 1994 i el 1985)<\/td>\n<td width=\"113\">CM i CF<\/td>\n<\/tr>\n<tr>\n<td width=\"444\">De 41 a 50 anys (nascuts entre el 1984 i el 1975)<\/td>\n<td width=\"113\">DM i DF<\/td>\n<\/tr>\n<tr>\n<td width=\"444\">De 51 a 60 anys (nascuts entre el 1974 i el 1965)<\/td>\n<td width=\"113\">EM i EF<\/td>\n<\/tr>\n<tr>\n<td width=\"444\">M\u00e9s de 61 anys (nascuts el 1964 i abans)<\/td>\n<td width=\"113\">FM i FF<\/td>\n<\/tr>\n<\/tbody>\n<\/table>\n<p><span style=\"color: #0f376f;\"><strong>Recorregut:\u00a0<\/strong><\/span><\/p>\n<p><img loading=\"lazy\" decoding=\"async\" class=\"alignnone size-full wp-image-4865\" src=\"https:\/\/www.molinsderei.site\/cursasantmiquel\/wp-content\/uploads\/CURSA-3500_page-0001.jpg\" alt=\"\" width=\"2482\" height=\"1755\" srcset=\"https:\/\/www.molinsderei.site\/cursasantmiquel\/wp-content\/uploads\/CURSA-3500_page-0001.jpg 2482w, https:\/\/www.molinsderei.site\/cursasantmiquel\/wp-content\/uploads\/CURSA-3500_page-0001-300x212.jpg 300w, https:\/\/www.molinsderei.site\/cursasantmiquel\/wp-content\/uploads\/CURSA-3500_page-0001-1024x724.jpg 1024w, https:\/\/www.molinsderei.site\/cursasantmiquel\/wp-content\/uploads\/CURSA-3500_page-0001-768x543.jpg 768w, https:\/\/www.molinsderei.site\/cursasantmiquel\/wp-content\/uploads\/CURSA-3500_page-0001-1536x1086.jpg 1536w, https:\/\/www.molinsderei.site\/cursasantmiquel\/wp-content\/uploads\/CURSA-3500_page-0001-2048x1448.jpg 2048w\" sizes=\"auto, (max-width: 2482px) 100vw, 2482px\" \/><\/p>\n<h3>Descarrega&#8217;t el pl\u00e0nol <a href=\"https:\/\/www.molinsderei.site\/cursasantmiquel\/wp-content\/uploads\/CURSA-3500.pdf\">CURSA 3500<\/a><\/h3>\n<p>&nbsp;<\/p>\n","protected":false},"excerpt":{"rendered":"<p>Inscripcions tancades per la web: Podeu c\u00f3rrer les curses d\u20191,5 km i 3,5 km, amb el dorsal\u00a0lila i blau, per\u00f2 sense xip i sense opci\u00f3 a classificaci\u00f3. Es podran fer inscripcions presencials al pati de l\u2019Escola el Palau (el dies de recollida de dorsals). No es faran inscripcions el mateix dia de la cursa La [&hellip;]<\/p>\n","protected":false},"author":1,"featured_media":2542,"parent":0,"menu_order":0,"comment_status":"open","ping_status":"closed","template":"","meta":{"footnotes":""},"class_list":["post-41","page","type-page","status-publish","has-post-thumbnail","hentry"],"_links":{"self":[{"href":"https:\/\/www.molinsderei.site\/cursasantmiquel\/wp-json\/wp\/v2\/pages\/41","targetHints":{"allow":["GET"]}}],"collection":[{"href":"https:\/\/www.molinsderei.site\/cursasantmiquel\/wp-json\/wp\/v2\/pages"}],"about":[{"href":"https:\/\/www.molinsderei.site\/cursasantmiquel\/wp-json\/wp\/v2\/types\/page"}],"author":[{"embeddable":true,"href":"https:\/\/www.molinsderei.site\/cursasantmiquel\/wp-json\/wp\/v2\/users\/1"}],"replies":[{"embeddable":true,"href":"https:\/\/www.molinsderei.site\/cursasantmiquel\/wp-json\/wp\/v2\/comments?post=41"}],"version-history":[{"count":10,"href":"https:\/\/www.molinsderei.site\/cursasantmiquel\/wp-json\/wp\/v2\/pages\/41\/revisions"}],"predecessor-version":[{"id":5069,"href":"https:\/\/www.molinsderei.site\/cursasantmiquel\/wp-json\/wp\/v2\/pages\/41\/revisions\/5069"}],"wp:featuredmedia":[{"embeddable":true,"href":"https:\/\/www.molinsderei.site\/cursasantmiquel\/wp-json\/wp\/v2\/media\/2542"}],"wp:attachment":[{"href":"https:\/\/www.molinsderei.site\/cursasantmiquel\/wp-json\/wp\/v2\/media?parent=41"}],"curies":[{"name":"wp","href":"https:\/\/api.w.org\/{rel}","templated":true}]}}

<h4 class="wp-block-heading">Inscripcions tancades per la web:</h4>
<h4>Podeu córrer les curses d’1,5 km i 3,5 km, amb el dorsal <strong>lila i blau</strong>, però sense xip i sense opció a classificació. Es podran fer inscripcions presencials al pati de l’Escola el Palau (el dies de recollida de dorsals).</h4>
<ul>
<li>
<h4><strong>No es faran inscripcions el mateix dia de la cursa</strong></h4>
</li>
</ul>
<p><span style="color: #0f376f; font-size: 16px;">La cursa Popular amb un recorregut de 3,5 km, amb inscripció gratuïta, convida a tothom a participar d&#8217;aquesta festa esportiva, enguany les inscripcions es faran mitjançant la pàgina web de l&#8217;empresa Lasttiming.es . Us esperem a tots i a totes!</span></p>
<p><span style="color: #0f376f; font-size: 16px;"><strong>Cursa 3,5 km</strong>, a partir dels 12 anys (nascuts a l&#8217;any 2013 i anteriors).</span></p>
<ul>
<li><span style="color: #0f376f; font-size: 16px;">Sortida a les 10.30 h, del Passeig del Terraplè, davant de la Plaça de la Llibertat.</span></li>
<li><span style="color: #0f376f; font-size: 16px;">Per poder participar a la cursa i optar a classificar-se, és obligatori córrer amb el dorsal de l&#8217;organització.</span></li>
<li><span style="color: #0f376f; font-size: 16px;">Lliurament de dorsal amb xip (dorsal blau), pel recorregut de 3,5 km: divendres 19, de 17.00 a 20.00 h i dissabte 20, de 10.00 a 13.00 h, al pati de l’escola El Palau, carrer Rafael de Casanova, 49, 08750 Molins de Rei, (entrada pel pati). <strong>NO ÉS PODRÀ PARTICIPAR SENSE DORSAL. </strong></span></li>
<li><span style="color: #0f376f; font-size: 16px;">Inscripcions fins dimarts 16 de setembre a les 15 h, amb opció de classificació i xip, les inscripcions estan limitades a 500 inscrits. Es podran fer inscripcions un cop tancat el període d’inscripció, al pati de l&#8217;escola El Palau, els dies de recollida de dorsals, <strong>però no optaran a classificació ni a premi.</strong></span></li>
<li><span style="color: #0f376f; font-size: 16px;"><strong>No es faran inscripcions el mateix dia de la cursa</strong></span></li>
<li><span style="color: #0f376f; font-size: 16px;">Tots els participants gaudiran d&#8217;un obsequi.</span></li>
</ul>
<p><span style="color: #0f376f; font-size: 16px;"><strong>Classificació i premis:</strong></span></p>
<ul>
<li><span style="color: #0f376f; font-size: 16px;">Trofeu Francesc Monfort als guanyadors absoluts masculí i femení</span></li>
</ul>
<p><span style="color: #0f376f; font-size: 16px;">La Cursa Popular de Sant Miquel atorgarà trofeus als tres primers guanyadors absoluts, masculí i femení, i als tres primers classificats, tant masculí com femení, de cada categoria. Els premis no seran acumulatius. </span></p>
<p><span style="color: #0f376f; font-size: 16px;">Entrega de premis a les 11.30 ha, a la Plaça de la Llibertat.</span></p>
<table width="558">
<tbody>
<tr>
<td width="444"><span style="color: #000080;"><strong>3,5 km i la inicien els de 1r de secundària</strong></span></td>
<td width="113"></td>
</tr>
<tr>
<td width="444">De 12 a 13 anys (nascuts entre el 2013 i el 2012)</td>
<td width="113">Infantil M i F</td>
</tr>
<tr>
<td width="444">De 14 a 15 anys (nascuts entre el 2011 i el 2010)</td>
<td width="113">Cadet M i F</td>
</tr>
<tr>
<td width="444">De 16 a 19 anys (nascuts entre el 2009 i el 2006)</td>
<td width="113">AM i AF</td>
</tr>
<tr>
<td width="444">De 20 a 30 anys (nascuts entre el 2005 i el 1995)</td>
<td width="113">BM i BF</td>
</tr>
<tr>
<td width="444">De 31 a 40 anys (nascuts entre el 1994 i el 1985)</td>
<td width="113">CM i CF</td>
</tr>
<tr>
<td width="444">De 41 a 50 anys (nascuts entre el 1984 i el 1975)</td>
<td width="113">DM i DF</td>
</tr>
<tr>
<td width="444">De 51 a 60 anys (nascuts entre el 1974 i el 1965)</td>
<td width="113">EM i EF</td>
</tr>
<tr>
<td width="444">Més de 61 anys (nascuts el 1964 i abans)</td>
<td width="113">FM i FF</td>
</tr>
</tbody>
</table>
<p><span style="color: #0f376f;"><strong>Recorregut: </strong></span></p>
<p><img loading="lazy" decoding="async" class="alignnone size-full wp-image-4865" src="https://www.molinsderei.site/cursasantmiquel/wp-content/uploads/CURSA-3500_page-0001.jpg" alt="" width="2482" height="1755" srcset="https://www.molinsderei.site/cursasantmiquel/wp-content/uploads/CURSA-3500_page-0001.jpg 2482w, https://www.molinsderei.site/cursasantmiquel/wp-content/uploads/CURSA-3500_page-0001-300x212.jpg 300w, https://www.molinsderei.site/cursasantmiquel/wp-content/uploads/CURSA-3500_page-0001-1024x724.jpg 1024w, https://www.molinsderei.site/cursasantmiquel/wp-content/uploads/CURSA-3500_page-0001-768x543.jpg 768w, https://www.molinsderei.site/cursasantmiquel/wp-content/uploads/CURSA-3500_page-0001-1536x1086.jpg 1536w, https://www.molinsderei.site/cursasantmiquel/wp-content/uploads/CURSA-3500_page-0001-2048x1448.jpg 2048w" sizes="auto, (max-width: 2482px) 100vw, 2482px" /></p>
<h3>Descarrega&#8217;t el plànol <a href="https://www.molinsderei.site/cursasantmiquel/wp-content/uploads/CURSA-3500.pdf">CURSA 3500</a></h3>
<p>&nbsp;</p>

<p>Inscripcions tancades per la web: Podeu córrer les curses d’1,5 km i 3,5 km, amb el dorsal lila i blau, però sense xip i sense opció a classificació. Es podran fer inscripcions presencials al pati de l’Escola el Palau (el dies de recollida de dorsals). No es faran inscripcions el mateix dia de la cursa La [&hellip;]</p>
