{"id":4435,"date":"2024-03-18T12:32:27","date_gmt":"2024-03-18T12:32:27","guid":{"rendered":"https:\/\/www.molinsderei.site\/cursasantmiquel\/?page_id=4435"},"modified":"2025-09-18T12:55:15","modified_gmt":"2025-09-18T12:55:15","slug":"cursa-5-km","status":"publish","type":"page","link":"https:\/\/www.molinsderei.site\/cursasantmiquel\/cursa-5-km\/","title":{"rendered":"Cursa Relleus per parelles"},"content":{"rendered":"<h4 class=\"wp-block-heading\">Inscripcions tancades per la web:<\/h4>\n<h4 class=\"wp-block-heading\"><strong>Cursa Relleus:<\/strong><\/h4>\n<h4>Encara queden dorsal\u00a0lliures\u00a0amb xip, inscripcions nom\u00e9s presencials al pat\u00ed de l\u2019Escola El Palau, si queden dorsal disponibles, (els dies d\u2019entrega de dorsals). Preu 15,00 \u20ac (amb efectiu).<\/h4>\n<p><span style=\"color: #0f376f; font-size: 16px;\">Com a novetat aquest any, tenim la Cursa de Relleus per parelles, \u00e9s mant\u00e9 el preu d&#8217;inscripci\u00f3 i el recorregut de 5 km x 2 voltes (una volta per participant) cadasc\u00fa haur\u00e0 de fer 5 km i fer el relleu a la l\u00ednia de sortida, per aquesta edici\u00f3 les inscripcions es limitaran a 1<\/span><span style=\"color: #0f376f; font-size: 16px;\">00 participants, (50 parelles) enguany les inscripcions es faran mitjan\u00e7ant la p\u00e0gina web de l\u2019empresa Lasttiming.es. Us esperem a tots i a totes!<\/span><\/p>\n<p><span style=\"color: #0f376f; font-size: 16px;\"><strong>Cursa Relleus per parelles, 10 km, 2 voltes de 5 km) <\/strong>a partir dels 16 anys, (nascuts l&#8217;any 2009 i anteriors).<\/span><\/p>\n<ul>\n<li><span style=\"color: #0f376f; font-size: 16px;\">Preu: 15 \u20ac, per persona<\/span><\/li>\n<li><span style=\"color: #0f376f; font-size: 16px;\">Sortida a les 8.30 h, del Passeig del Terrapl\u00e8, davant de la pla\u00e7a de la Llibertat.<\/span><\/li>\n<li><span style=\"color: #0f376f; font-size: 16px;\">Per poder participar a la cursa i optar a classificar-se, \u00e9s obligatori c\u00f3rrer amb el dorsal de l\u2019organitzaci\u00f3.<\/span><\/li>\n<li><span style=\"color: #0f376f; font-size: 16px;\">Fins a 50 inscripcions, (25 parelles).<\/span><\/li>\n<li><span style=\"color: #0f376f; font-size: 16px;\">Lliurament de la bossa del corredor i dorsal amb xip (dorsal vermell), pel recorregut de Relleus Mixta km: divendres 19, de 17.00 a 20.00 h i dissabte 20, de 10.00 a 13.00 h, al pati de l\u2019escola El Palau, carrer Rafael de Casanova, 49, 08750 Molins de Rei, (entrada pel pati). <strong>NO \u00c9S PODR\u00c0 PARTICIPAR SENSE DORSAL.<\/strong><\/span><\/li>\n<li><span style=\"color: #0f376f; font-size: 16px;\">Inscripcions fins dimarts 16 de setembre a les 15.00 h, amb opci\u00f3 de classificaci\u00f3 i xip. Es podran fer inscripcions fins a 30 minuts abans de les sortides, sempre que hi hagi dorsals disponibles.<\/span><\/li>\n<li><span style=\"color: #0f376f; font-size: 16px;\">Tamb\u00e9 podeu recollir la bossa del corredor, dorsal i xip, el mateix dia de la Cursa, a les carpes de la Pla\u00e7a de la Llibertat, a partir de les 7.30 h. <\/span><\/li>\n<li><span style=\"color: #0f376f; font-size: 16px;\">Hi haur\u00e0 servei de dutxes i lavabos a l&#8217;escola El Palau i guarda-roba a les carpes de la Pla\u00e7a de la llibertat (lloc de la sortida).<\/span><\/li>\n<li><span style=\"color: #0f376f; font-size: 16px;\">Servei de Fisioter\u00e0pia.<\/span><\/li>\n<li><span style=\"color: #0f376f; font-size: 16px;\">Els corredors menors de 18 anys hauran de presentar l\u2019autoritzaci\u00f3 paterna.<\/span><\/li>\n<\/ul>\n<p>Descarrega&#8217;t <strong style=\"color: #0f376f; text-align: center;\"><a href=\"https:\/\/www.molinsderei.site\/cursasantmiquel\/wp-content\/uploads\/Autoritzacions-menors25-1.doc\">Autoritzacions menors25<\/a><\/strong><\/p>\n<p><strong><span style=\"color: #0f376f; font-size: 16px;\">Classificaci\u00f3 i premis:<\/span><\/strong><\/p>\n<p><span style=\"color: #0f376f; font-size: 16px;\">La Cursa Popular de Sant Miquel atorgar\u00e0 trofeus per a les tres primeres parelles. En aquest recorregut no hi categories. Entrega trofeus a les 10 h, a la pla\u00e7a de la Llibertat.<\/span><\/p>\n<p><strong><span style=\"color: #0f376f; font-size: 16px;\">Obsequi Cursa de Relleus:<\/span><\/strong><\/p>\n<p><span style=\"color: #0f376f; font-size: 16px;\">A la bossa del corredor de la Cursa de Relleus per parelles, podr\u00e0s trobar diferents obsequis dels nostres patrocinadors i l&#8217;obsequi d&#8217;aquest any:<\/span><\/p>\n<p><img loading=\"lazy\" decoding=\"async\" class=\"alignnone wp-image-4993\" src=\"https:\/\/www.molinsderei.site\/cursasantmiquel\/wp-content\/uploads\/Samarreta_page-0001.jpg\" alt=\"\" width=\"315\" height=\"374\" srcset=\"https:\/\/www.molinsderei.site\/cursasantmiquel\/wp-content\/uploads\/Samarreta_page-0001.jpg 811w, https:\/\/www.molinsderei.site\/cursasantmiquel\/wp-content\/uploads\/Samarreta_page-0001-253x300.jpg 253w, https:\/\/www.molinsderei.site\/cursasantmiquel\/wp-content\/uploads\/Samarreta_page-0001-768x912.jpg 768w\" sizes=\"auto, (max-width: 315px) 100vw, 315px\" \/><\/p>\n<p><span style=\"color: #0f376f;\"><strong><span style=\"color: #0f376f; font-size: 16px;\">Recorregut:<\/span><\/strong><\/span><\/p>\n<p><img loading=\"lazy\" decoding=\"async\" class=\"alignnone size-full wp-image-5002\" src=\"https:\/\/www.molinsderei.site\/cursasantmiquel\/wp-content\/uploads\/5000-X-2_PER-PARELLES_page-0001-1-scaled.jpg\" alt=\"\" width=\"2560\" height=\"1810\" srcset=\"https:\/\/www.molinsderei.site\/cursasantmiquel\/wp-content\/uploads\/5000-X-2_PER-PARELLES_page-0001-1-scaled.jpg 2560w, https:\/\/www.molinsderei.site\/cursasantmiquel\/wp-content\/uploads\/5000-X-2_PER-PARELLES_page-0001-1-300x212.jpg 300w, https:\/\/www.molinsderei.site\/cursasantmiquel\/wp-content\/uploads\/5000-X-2_PER-PARELLES_page-0001-1-1024x724.jpg 1024w, https:\/\/www.molinsderei.site\/cursasantmiquel\/wp-content\/uploads\/5000-X-2_PER-PARELLES_page-0001-1-768x543.jpg 768w, https:\/\/www.molinsderei.site\/cursasantmiquel\/wp-content\/uploads\/5000-X-2_PER-PARELLES_page-0001-1-1536x1086.jpg 1536w, https:\/\/www.molinsderei.site\/cursasantmiquel\/wp-content\/uploads\/5000-X-2_PER-PARELLES_page-0001-1-2048x1448.jpg 2048w\" sizes=\"auto, (max-width: 2560px) 100vw, 2560px\" \/><\/p>\n<h3><span style=\"color: #0f376f;\"><strong>Descarrega&#8217;t el pl\u00e0nol:<\/strong><\/span>\u00a0<a href=\"https:\/\/www.molinsderei.site\/cursasantmiquel\/wp-content\/uploads\/CURSA-5000-x-2-RELLEUS-PER-PARELLES.pdf\">CURSA RELLEUS<\/a><\/h3>\n","protected":false},"excerpt":{"rendered":"<p>Inscripcions tancades per la web: Cursa Relleus: Encara queden dorsal\u00a0lliures\u00a0amb xip, inscripcions nom\u00e9s presencials al pat\u00ed de l\u2019Escola El Palau, si queden dorsal disponibles, (els dies d\u2019entrega de dorsals). Preu 15,00 \u20ac (amb efectiu). Com a novetat aquest any, tenim la Cursa de Relleus per parelles, \u00e9s mant\u00e9 el preu d&#8217;inscripci\u00f3 i el recorregut de [&hellip;]<\/p>\n","protected":false},"author":1,"featured_media":4918,"parent":0,"menu_order":0,"comment_status":"closed","ping_status":"closed","template":"","meta":{"footnotes":""},"class_list":["post-4435","page","type-page","status-publish","has-post-thumbnail","hentry"],"_links":{"self":[{"href":"https:\/\/www.molinsderei.site\/cursasantmiquel\/wp-json\/wp\/v2\/pages\/4435","targetHints":{"allow":["GET"]}}],"collection":[{"href":"https:\/\/www.molinsderei.site\/cursasantmiquel\/wp-json\/wp\/v2\/pages"}],"about":[{"href":"https:\/\/www.molinsderei.site\/cursasantmiquel\/wp-json\/wp\/v2\/types\/page"}],"author":[{"embeddable":true,"href":"https:\/\/www.molinsderei.site\/cursasantmiquel\/wp-json\/wp\/v2\/users\/1"}],"replies":[{"embeddable":true,"href":"https:\/\/www.molinsderei.site\/cursasantmiquel\/wp-json\/wp\/v2\/comments?post=4435"}],"version-history":[{"count":31,"href":"https:\/\/www.molinsderei.site\/cursasantmiquel\/wp-json\/wp\/v2\/pages\/4435\/revisions"}],"predecessor-version":[{"id":5103,"href":"https:\/\/www.molinsderei.site\/cursasantmiquel\/wp-json\/wp\/v2\/pages\/4435\/revisions\/5103"}],"wp:featuredmedia":[{"embeddable":true,"href":"https:\/\/www.molinsderei.site\/cursasantmiquel\/wp-json\/wp\/v2\/media\/4918"}],"wp:attachment":[{"href":"https:\/\/www.molinsderei.site\/cursasantmiquel\/wp-json\/wp\/v2\/media?parent=4435"}],"curies":[{"name":"wp","href":"https:\/\/api.w.org\/{rel}","templated":true}]}}

<h4 class="wp-block-heading">Inscripcions tancades per la web:</h4>
<h4 class="wp-block-heading"><strong>Cursa Relleus:</strong></h4>
<h4>Encara queden dorsal lliures amb xip, inscripcions només presencials al patí de l’Escola El Palau, si queden dorsal disponibles, (els dies d’entrega de dorsals). Preu 15,00 € (amb efectiu).</h4>
<p><span style="color: #0f376f; font-size: 16px;">Com a novetat aquest any, tenim la Cursa de Relleus per parelles, és manté el preu d&#8217;inscripció i el recorregut de 5 km x 2 voltes (una volta per participant) cadascú haurà de fer 5 km i fer el relleu a la línia de sortida, per aquesta edició les inscripcions es limitaran a 1</span><span style="color: #0f376f; font-size: 16px;">00 participants, (50 parelles) enguany les inscripcions es faran mitjançant la pàgina web de l’empresa Lasttiming.es. Us esperem a tots i a totes!</span></p>
<p><span style="color: #0f376f; font-size: 16px;"><strong>Cursa Relleus per parelles, 10 km, 2 voltes de 5 km) </strong>a partir dels 16 anys, (nascuts l&#8217;any 2009 i anteriors).</span></p>
<ul>
<li><span style="color: #0f376f; font-size: 16px;">Preu: 15 €, per persona</span></li>
<li><span style="color: #0f376f; font-size: 16px;">Sortida a les 8.30 h, del Passeig del Terraplè, davant de la plaça de la Llibertat.</span></li>
<li><span style="color: #0f376f; font-size: 16px;">Per poder participar a la cursa i optar a classificar-se, és obligatori córrer amb el dorsal de l’organització.</span></li>
<li><span style="color: #0f376f; font-size: 16px;">Fins a 50 inscripcions, (25 parelles).</span></li>
<li><span style="color: #0f376f; font-size: 16px;">Lliurament de la bossa del corredor i dorsal amb xip (dorsal vermell), pel recorregut de Relleus Mixta km: divendres 19, de 17.00 a 20.00 h i dissabte 20, de 10.00 a 13.00 h, al pati de l’escola El Palau, carrer Rafael de Casanova, 49, 08750 Molins de Rei, (entrada pel pati). <strong>NO ÉS PODRÀ PARTICIPAR SENSE DORSAL.</strong></span></li>
<li><span style="color: #0f376f; font-size: 16px;">Inscripcions fins dimarts 16 de setembre a les 15.00 h, amb opció de classificació i xip. Es podran fer inscripcions fins a 30 minuts abans de les sortides, sempre que hi hagi dorsals disponibles.</span></li>
<li><span style="color: #0f376f; font-size: 16px;">També podeu recollir la bossa del corredor, dorsal i xip, el mateix dia de la Cursa, a les carpes de la Plaça de la Llibertat, a partir de les 7.30 h. </span></li>
<li><span style="color: #0f376f; font-size: 16px;">Hi haurà servei de dutxes i lavabos a l&#8217;escola El Palau i guarda-roba a les carpes de la Plaça de la llibertat (lloc de la sortida).</span></li>
<li><span style="color: #0f376f; font-size: 16px;">Servei de Fisioteràpia.</span></li>
<li><span style="color: #0f376f; font-size: 16px;">Els corredors menors de 18 anys hauran de presentar l’autorització paterna.</span></li>
</ul>
<p>Descarrega&#8217;t <strong style="color: #0f376f; text-align: center;"><a href="https://www.molinsderei.site/cursasantmiquel/wp-content/uploads/Autoritzacions-menors25-1.doc">Autoritzacions menors25</a></strong></p>
<p><strong><span style="color: #0f376f; font-size: 16px;">Classificació i premis:</span></strong></p>
<p><span style="color: #0f376f; font-size: 16px;">La Cursa Popular de Sant Miquel atorgarà trofeus per a les tres primeres parelles. En aquest recorregut no hi categories. Entrega trofeus a les 10 h, a la plaça de la Llibertat.</span></p>
<p><strong><span style="color: #0f376f; font-size: 16px;">Obsequi Cursa de Relleus:</span></strong></p>
<p><span style="color: #0f376f; font-size: 16px;">A la bossa del corredor de la Cursa de Relleus per parelles, podràs trobar diferents obsequis dels nostres patrocinadors i l&#8217;obsequi d&#8217;aquest any:</span></p>
<p><img loading="lazy" decoding="async" class="alignnone wp-image-4993" src="https://www.molinsderei.site/cursasantmiquel/wp-content/uploads/Samarreta_page-0001.jpg" alt="" width="315" height="374" srcset="https://www.molinsderei.site/cursasantmiquel/wp-content/uploads/Samarreta_page-0001.jpg 811w, https://www.molinsderei.site/cursasantmiquel/wp-content/uploads/Samarreta_page-0001-253x300.jpg 253w, https://www.molinsderei.site/cursasantmiquel/wp-content/uploads/Samarreta_page-0001-768x912.jpg 768w" sizes="auto, (max-width: 315px) 100vw, 315px" /></p>
<p><span style="color: #0f376f;"><strong><span style="color: #0f376f; font-size: 16px;">Recorregut:</span></strong></span></p>
<p><img loading="lazy" decoding="async" class="alignnone size-full wp-image-5002" src="https://www.molinsderei.site/cursasantmiquel/wp-content/uploads/5000-X-2_PER-PARELLES_page-0001-1-scaled.jpg" alt="" width="2560" height="1810" srcset="https://www.molinsderei.site/cursasantmiquel/wp-content/uploads/5000-X-2_PER-PARELLES_page-0001-1-scaled.jpg 2560w, https://www.molinsderei.site/cursasantmiquel/wp-content/uploads/5000-X-2_PER-PARELLES_page-0001-1-300x212.jpg 300w, https://www.molinsderei.site/cursasantmiquel/wp-content/uploads/5000-X-2_PER-PARELLES_page-0001-1-1024x724.jpg 1024w, https://www.molinsderei.site/cursasantmiquel/wp-content/uploads/5000-X-2_PER-PARELLES_page-0001-1-768x543.jpg 768w, https://www.molinsderei.site/cursasantmiquel/wp-content/uploads/5000-X-2_PER-PARELLES_page-0001-1-1536x1086.jpg 1536w, https://www.molinsderei.site/cursasantmiquel/wp-content/uploads/5000-X-2_PER-PARELLES_page-0001-1-2048x1448.jpg 2048w" sizes="auto, (max-width: 2560px) 100vw, 2560px" /></p>
<h3><span style="color: #0f376f;"><strong>Descarrega&#8217;t el plànol:</strong></span> <a href="https://www.molinsderei.site/cursasantmiquel/wp-content/uploads/CURSA-5000-x-2-RELLEUS-PER-PARELLES.pdf">CURSA RELLEUS</a></h3>

<p>Inscripcions tancades per la web: Cursa Relleus: Encara queden dorsal lliures amb xip, inscripcions només presencials al patí de l’Escola El Palau, si queden dorsal disponibles, (els dies d’entrega de dorsals). Preu 15,00 € (amb efectiu). Com a novetat aquest any, tenim la Cursa de Relleus per parelles, és manté el preu d&#8217;inscripció i el recorregut de [&hellip;]</p>
