{"id":58,"date":"2014-06-19T11:13:00","date_gmt":"2014-06-19T11:13:00","guid":{"rendered":"http:\/\/accesspressthemes.com\/accesspresslite-pro\/?p=58"},"modified":"2025-09-17T19:42:23","modified_gmt":"2025-09-17T19:42:23","slug":"how-we-work","status":"publish","type":"page","link":"https:\/\/www.molinsderei.site\/cursasantmiquel\/how-we-work\/","title":{"rendered":"Cursa de 10 km (dues voltes de 5 km)"},"content":{"rendered":"<h4 class=\"wp-block-heading\">Inscripcions tancades per la web:<\/h4>\n<h4 class=\"wp-block-heading\">Cursa 10 km:<\/h4>\n<h4>Encara queden dorsal lliures amb xip, inscripcions nom\u00e9s presencials al pat\u00ed de l\u2019Escola El Palau, si queden dorsal disponibles, (els dies d\u2019entrega de dorsals).<\/h4>\n<h4>Preu 15,00 \u20ac (amb efectiu)<\/h4>\n<p><span style=\"color: #0f376f; font-size: 16px;\">La cursa pensada per als atletes m\u00e9s preparats\/es, es mant\u00e9 el preu d&#8217;inscripci\u00f3, enguany el recorregut es de 10 km i com a novetat aquest any \u00e9s far\u00e0 amb dues voltes de 5 km, per aquesta edici\u00f3 les inscripcions es limitaran a 300 participants, enguany les inscripcions es faran mitjan\u00e7ant la p\u00e0gina web de l\u2019empresa Lasttiming.es. Us esperem a tots i a totes!<\/span><\/p>\n<p><span style=\"color: #0f376f; font-size: 16px;\"><strong>Cursa 10 km<\/strong>, a partir dels 16 anys, (nascuts l&#8217;any 2009 i anteriors).<\/span><\/p>\n<ul>\n<li><span style=\"color: #0f376f; font-size: 16px;\">Preu: 15 \u20ac<\/span><\/li>\n<li><span style=\"color: #0f376f; font-size: 16px;\">Sortida a les 8.30 h, del Passeig del Terrapl\u00e8, davant de la pla\u00e7a de la Llibertat.<\/span><\/li>\n<li><span style=\"color: #0f376f; font-size: 16px;\">Per poder participar a la cursa i optar a classificar-se, \u00e9s obligatori c\u00f3rrer amb el dorsal de l\u2019organitzaci\u00f3.<\/span><\/li>\n<li><span style=\"color: #0f376f; font-size: 16px;\">Fins a 300 inscripcions.<\/span><\/li>\n<li><span style=\"color: #0f376f; font-size: 16px;\">Lliurament de la bossa del corredor i dorsal amb xip (dorsal vermell), pel recorregut de 10 km: divendres 19, de 17.00 a 20.00 h i dissabte 20, de 10.00 a 13.00 h, al pati de l\u2019escola El Palau, carrer Rafael de Casanova, 49, 08750 Molins de Rei, (entrada pel pati). <strong>NO \u00c9S PODR\u00c0 PARTICIPAR SENSE DORSAL.<\/strong><\/span><\/li>\n<li><span style=\"color: #0f376f; font-size: 16px;\">Inscripcions fins dimarts 16 de setembre a les 15.00 h, amb opci\u00f3 de classificaci\u00f3 i xip. Es podran fer inscripcions fins a 30 minuts abans de les sortides, sempre que hi hagi dorsals disponibles.<\/span><\/li>\n<li><span style=\"color: #0f376f; font-size: 16px;\">Tamb\u00e9 podeu recollir la bossa del corredor, dorsal i xip, el mateix dia de la Cursa, a les carpes de la Pla\u00e7a de la Llibertat, a partir de les 7.30 h. <\/span><\/li>\n<li><span style=\"color: #0f376f; font-size: 16px;\">Hi haur\u00e0 servei de dutxes i lavabos a l&#8217;escola El Palau i guarda-roba a les carpes de la Pla\u00e7a de la llibertat (lloc de la sortida).<\/span><\/li>\n<li><span style=\"color: #0f376f; font-size: 16px;\">Servei de Fisioter\u00e0pia.<\/span><\/li>\n<li><span style=\"color: #0f376f; font-size: 16px;\">Els corredors menors de 18 anys hauran de presentar l\u2019autoritzaci\u00f3 paterna.<\/span><\/li>\n<\/ul>\n<p>Descarrega&#8217;t <strong style=\"color: #0f376f; text-align: center;\"><a href=\"https:\/\/www.molinsderei.site\/cursasantmiquel\/wp-content\/uploads\/Autoritzacions-menors25-1.doc\">Autoritzacions menors25<\/a><\/strong><\/p>\n<p><strong><span style=\"color: #0f376f; font-size: 16px;\">Classificaci\u00f3 i premis:<\/span><\/strong><\/p>\n<p><span style=\"color: #0f376f; font-size: 16px;\">La Cursa Popular de Sant Miquel atorgar\u00e0 trofeus als tres primers guanyadors absoluts, mascul\u00ed i femen\u00ed, i als tres primers classificats, tant mascul\u00ed com femen\u00ed, de cada categoria. Els premis no seran acumulatius. Entrega de premis, a les 10 h, a la Pla\u00e7a de la Llibertat.<\/span><\/p>\n<table width=\"485\">\n<tbody>\n<tr>\n<td width=\"400\"><strong><span style=\"color: #000080;\">10 km, nascuts abans del 2009<\/span><\/strong><\/td>\n<td width=\"85\"><\/td>\n<\/tr>\n<tr>\n<td width=\"400\">De 16 a 19 anys (nascuts entre el 2009 i el 2006)<\/td>\n<td width=\"85\">AM i AF<\/td>\n<\/tr>\n<tr>\n<td width=\"400\">De 20 a 30 anys (nascuts entre el 2005 i el 1995)<\/td>\n<td width=\"85\">BM i BF<\/td>\n<\/tr>\n<tr>\n<td width=\"400\">De 31 a 40 anys\u00a0 (nascuts entre el 1994 i el 1985)<\/td>\n<td width=\"85\">CM i CF<\/td>\n<\/tr>\n<tr>\n<td width=\"400\">De 41 a 50 anys (nascuts entre el 1984 i el 1975)<\/td>\n<td width=\"85\">DM i DF<\/td>\n<\/tr>\n<tr>\n<td width=\"400\">De 51 a 60 anys (nascuts entre el 1974 i el 1965)<\/td>\n<td width=\"85\">EM i EF<\/td>\n<\/tr>\n<tr>\n<td width=\"400\">M\u00e9s de 61 anys (nascuts el 1964 i abans)<\/td>\n<td width=\"85\">FM i FF<\/td>\n<\/tr>\n<\/tbody>\n<\/table>\n<p><strong><span style=\"color: #0f376f; font-size: 16px;\">Obsequi recorregut 10 km:<\/span><\/strong><\/p>\n<p><span style=\"color: #0f376f; font-size: 16px;\">A la bossa del corredor de la Cursa de 10 km, podr\u00e0s trobar diferents obsequis dels nostres patrocinadors i l&#8217;obsequi d&#8217;aquest any:<\/span><\/p>\n<p><img loading=\"lazy\" decoding=\"async\" class=\"alignnone wp-image-4993\" src=\"https:\/\/www.molinsderei.site\/cursasantmiquel\/wp-content\/uploads\/Samarreta_page-0001.jpg\" alt=\"\" width=\"333\" height=\"396\" srcset=\"https:\/\/www.molinsderei.site\/cursasantmiquel\/wp-content\/uploads\/Samarreta_page-0001.jpg 811w, https:\/\/www.molinsderei.site\/cursasantmiquel\/wp-content\/uploads\/Samarreta_page-0001-253x300.jpg 253w, https:\/\/www.molinsderei.site\/cursasantmiquel\/wp-content\/uploads\/Samarreta_page-0001-768x912.jpg 768w\" sizes=\"auto, (max-width: 333px) 100vw, 333px\" \/><\/p>\n<p><span style=\"color: #0f376f; font-size: 16px;\"><strong>Recorregut:<\/strong><\/span><\/p>\n<p><img loading=\"lazy\" decoding=\"async\" class=\"alignnone wp-image-4869\" src=\"https:\/\/www.molinsderei.site\/cursasantmiquel\/wp-content\/uploads\/CURSA-5000-x-2_page-0001.jpg\" alt=\"\" width=\"825\" height=\"583\" srcset=\"https:\/\/www.molinsderei.site\/cursasantmiquel\/wp-content\/uploads\/CURSA-5000-x-2_page-0001.jpg 2482w, https:\/\/www.molinsderei.site\/cursasantmiquel\/wp-content\/uploads\/CURSA-5000-x-2_page-0001-300x212.jpg 300w, https:\/\/www.molinsderei.site\/cursasantmiquel\/wp-content\/uploads\/CURSA-5000-x-2_page-0001-1024x724.jpg 1024w, https:\/\/www.molinsderei.site\/cursasantmiquel\/wp-content\/uploads\/CURSA-5000-x-2_page-0001-768x543.jpg 768w, https:\/\/www.molinsderei.site\/cursasantmiquel\/wp-content\/uploads\/CURSA-5000-x-2_page-0001-1536x1086.jpg 1536w, https:\/\/www.molinsderei.site\/cursasantmiquel\/wp-content\/uploads\/CURSA-5000-x-2_page-0001-2048x1448.jpg 2048w\" sizes=\"auto, (max-width: 825px) 100vw, 825px\" \/><\/p>\n<h3><span style=\"color: #0000ff;\"><span style=\"color: #0f376f;\">Descarrega&#8217;t el pl\u00e0nol<\/span> <strong><a href=\"https:\/\/www.molinsderei.site\/cursasantmiquel\/wp-content\/uploads\/CURSA-5000-x-2.pdf\">CURSA 5000 x 2<\/a><\/strong><\/span><\/h3>\n<h3><\/h3>\n","protected":false},"excerpt":{"rendered":"<p>Inscripcions tancades per la web: Cursa 10 km: Encara queden dorsal lliures amb xip, inscripcions nom\u00e9s presencials al pat\u00ed de l\u2019Escola El Palau, si queden dorsal disponibles, (els dies d\u2019entrega de dorsals). Preu 15,00 \u20ac (amb efectiu) La cursa pensada per als atletes m\u00e9s preparats\/es, es mant\u00e9 el preu d&#8217;inscripci\u00f3, enguany el recorregut es de [&hellip;]<\/p>\n","protected":false},"author":1,"featured_media":2543,"parent":0,"menu_order":0,"comment_status":"open","ping_status":"closed","template":"","meta":{"footnotes":""},"class_list":["post-58","page","type-page","status-publish","has-post-thumbnail","hentry"],"_links":{"self":[{"href":"https:\/\/www.molinsderei.site\/cursasantmiquel\/wp-json\/wp\/v2\/pages\/58","targetHints":{"allow":["GET"]}}],"collection":[{"href":"https:\/\/www.molinsderei.site\/cursasantmiquel\/wp-json\/wp\/v2\/pages"}],"about":[{"href":"https:\/\/www.molinsderei.site\/cursasantmiquel\/wp-json\/wp\/v2\/types\/page"}],"author":[{"embeddable":true,"href":"https:\/\/www.molinsderei.site\/cursasantmiquel\/wp-json\/wp\/v2\/users\/1"}],"replies":[{"embeddable":true,"href":"https:\/\/www.molinsderei.site\/cursasantmiquel\/wp-json\/wp\/v2\/comments?post=58"}],"version-history":[{"count":19,"href":"https:\/\/www.molinsderei.site\/cursasantmiquel\/wp-json\/wp\/v2\/pages\/58\/revisions"}],"predecessor-version":[{"id":5067,"href":"https:\/\/www.molinsderei.site\/cursasantmiquel\/wp-json\/wp\/v2\/pages\/58\/revisions\/5067"}],"wp:featuredmedia":[{"embeddable":true,"href":"https:\/\/www.molinsderei.site\/cursasantmiquel\/wp-json\/wp\/v2\/media\/2543"}],"wp:attachment":[{"href":"https:\/\/www.molinsderei.site\/cursasantmiquel\/wp-json\/wp\/v2\/media?parent=58"}],"curies":[{"name":"wp","href":"https:\/\/api.w.org\/{rel}","templated":true}]}}

<h4 class="wp-block-heading">Inscripcions tancades per la web:</h4>
<h4 class="wp-block-heading">Cursa 10 km:</h4>
<h4>Encara queden dorsal lliures amb xip, inscripcions només presencials al patí de l’Escola El Palau, si queden dorsal disponibles, (els dies d’entrega de dorsals).</h4>
<h4>Preu 15,00 € (amb efectiu)</h4>
<p><span style="color: #0f376f; font-size: 16px;">La cursa pensada per als atletes més preparats/es, es manté el preu d&#8217;inscripció, enguany el recorregut es de 10 km i com a novetat aquest any és farà amb dues voltes de 5 km, per aquesta edició les inscripcions es limitaran a 300 participants, enguany les inscripcions es faran mitjançant la pàgina web de l’empresa Lasttiming.es. Us esperem a tots i a totes!</span></p>
<p><span style="color: #0f376f; font-size: 16px;"><strong>Cursa 10 km</strong>, a partir dels 16 anys, (nascuts l&#8217;any 2009 i anteriors).</span></p>
<ul>
<li><span style="color: #0f376f; font-size: 16px;">Preu: 15 €</span></li>
<li><span style="color: #0f376f; font-size: 16px;">Sortida a les 8.30 h, del Passeig del Terraplè, davant de la plaça de la Llibertat.</span></li>
<li><span style="color: #0f376f; font-size: 16px;">Per poder participar a la cursa i optar a classificar-se, és obligatori córrer amb el dorsal de l’organització.</span></li>
<li><span style="color: #0f376f; font-size: 16px;">Fins a 300 inscripcions.</span></li>
<li><span style="color: #0f376f; font-size: 16px;">Lliurament de la bossa del corredor i dorsal amb xip (dorsal vermell), pel recorregut de 10 km: divendres 19, de 17.00 a 20.00 h i dissabte 20, de 10.00 a 13.00 h, al pati de l’escola El Palau, carrer Rafael de Casanova, 49, 08750 Molins de Rei, (entrada pel pati). <strong>NO ÉS PODRÀ PARTICIPAR SENSE DORSAL.</strong></span></li>
<li><span style="color: #0f376f; font-size: 16px;">Inscripcions fins dimarts 16 de setembre a les 15.00 h, amb opció de classificació i xip. Es podran fer inscripcions fins a 30 minuts abans de les sortides, sempre que hi hagi dorsals disponibles.</span></li>
<li><span style="color: #0f376f; font-size: 16px;">També podeu recollir la bossa del corredor, dorsal i xip, el mateix dia de la Cursa, a les carpes de la Plaça de la Llibertat, a partir de les 7.30 h. </span></li>
<li><span style="color: #0f376f; font-size: 16px;">Hi haurà servei de dutxes i lavabos a l&#8217;escola El Palau i guarda-roba a les carpes de la Plaça de la llibertat (lloc de la sortida).</span></li>
<li><span style="color: #0f376f; font-size: 16px;">Servei de Fisioteràpia.</span></li>
<li><span style="color: #0f376f; font-size: 16px;">Els corredors menors de 18 anys hauran de presentar l’autorització paterna.</span></li>
</ul>
<p>Descarrega&#8217;t <strong style="color: #0f376f; text-align: center;"><a href="https://www.molinsderei.site/cursasantmiquel/wp-content/uploads/Autoritzacions-menors25-1.doc">Autoritzacions menors25</a></strong></p>
<p><strong><span style="color: #0f376f; font-size: 16px;">Classificació i premis:</span></strong></p>
<p><span style="color: #0f376f; font-size: 16px;">La Cursa Popular de Sant Miquel atorgarà trofeus als tres primers guanyadors absoluts, masculí i femení, i als tres primers classificats, tant masculí com femení, de cada categoria. Els premis no seran acumulatius. Entrega de premis, a les 10 h, a la Plaça de la Llibertat.</span></p>
<table width="485">
<tbody>
<tr>
<td width="400"><strong><span style="color: #000080;">10 km, nascuts abans del 2009</span></strong></td>
<td width="85"></td>
</tr>
<tr>
<td width="400">De 16 a 19 anys (nascuts entre el 2009 i el 2006)</td>
<td width="85">AM i AF</td>
</tr>
<tr>
<td width="400">De 20 a 30 anys (nascuts entre el 2005 i el 1995)</td>
<td width="85">BM i BF</td>
</tr>
<tr>
<td width="400">De 31 a 40 anys  (nascuts entre el 1994 i el 1985)</td>
<td width="85">CM i CF</td>
</tr>
<tr>
<td width="400">De 41 a 50 anys (nascuts entre el 1984 i el 1975)</td>
<td width="85">DM i DF</td>
</tr>
<tr>
<td width="400">De 51 a 60 anys (nascuts entre el 1974 i el 1965)</td>
<td width="85">EM i EF</td>
</tr>
<tr>
<td width="400">Més de 61 anys (nascuts el 1964 i abans)</td>
<td width="85">FM i FF</td>
</tr>
</tbody>
</table>
<p><strong><span style="color: #0f376f; font-size: 16px;">Obsequi recorregut 10 km:</span></strong></p>
<p><span style="color: #0f376f; font-size: 16px;">A la bossa del corredor de la Cursa de 10 km, podràs trobar diferents obsequis dels nostres patrocinadors i l&#8217;obsequi d&#8217;aquest any:</span></p>
<p><img loading="lazy" decoding="async" class="alignnone wp-image-4993" src="https://www.molinsderei.site/cursasantmiquel/wp-content/uploads/Samarreta_page-0001.jpg" alt="" width="333" height="396" srcset="https://www.molinsderei.site/cursasantmiquel/wp-content/uploads/Samarreta_page-0001.jpg 811w, https://www.molinsderei.site/cursasantmiquel/wp-content/uploads/Samarreta_page-0001-253x300.jpg 253w, https://www.molinsderei.site/cursasantmiquel/wp-content/uploads/Samarreta_page-0001-768x912.jpg 768w" sizes="auto, (max-width: 333px) 100vw, 333px" /></p>
<p><span style="color: #0f376f; font-size: 16px;"><strong>Recorregut:</strong></span></p>
<p><img loading="lazy" decoding="async" class="alignnone wp-image-4869" src="https://www.molinsderei.site/cursasantmiquel/wp-content/uploads/CURSA-5000-x-2_page-0001.jpg" alt="" width="825" height="583" srcset="https://www.molinsderei.site/cursasantmiquel/wp-content/uploads/CURSA-5000-x-2_page-0001.jpg 2482w, https://www.molinsderei.site/cursasantmiquel/wp-content/uploads/CURSA-5000-x-2_page-0001-300x212.jpg 300w, https://www.molinsderei.site/cursasantmiquel/wp-content/uploads/CURSA-5000-x-2_page-0001-1024x724.jpg 1024w, https://www.molinsderei.site/cursasantmiquel/wp-content/uploads/CURSA-5000-x-2_page-0001-768x543.jpg 768w, https://www.molinsderei.site/cursasantmiquel/wp-content/uploads/CURSA-5000-x-2_page-0001-1536x1086.jpg 1536w, https://www.molinsderei.site/cursasantmiquel/wp-content/uploads/CURSA-5000-x-2_page-0001-2048x1448.jpg 2048w" sizes="auto, (max-width: 825px) 100vw, 825px" /></p>
<h3><span style="color: #0000ff;"><span style="color: #0f376f;">Descarrega&#8217;t el plànol</span> <strong><a href="https://www.molinsderei.site/cursasantmiquel/wp-content/uploads/CURSA-5000-x-2.pdf">CURSA 5000 x 2</a></strong></span></h3>
<h3></h3>

<p>Inscripcions tancades per la web: Cursa 10 km: Encara queden dorsal lliures amb xip, inscripcions només presencials al patí de l’Escola El Palau, si queden dorsal disponibles, (els dies d’entrega de dorsals). Preu 15,00 € (amb efectiu) La cursa pensada per als atletes més preparats/es, es manté el preu d&#8217;inscripció, enguany el recorregut es de [&hellip;]</p>
