{"id":386,"date":"2016-07-27T14:21:55","date_gmt":"2016-07-27T12:21:55","guid":{"rendered":"http:\/\/www.molinsderei.site\/federacio\/?page_id=386"},"modified":"2016-09-05T13:08:02","modified_gmt":"2016-09-05T11:08:02","slug":"aula-polivalent-infantil","status":"publish","type":"page","link":"https:\/\/www.molinsderei.site\/federacio\/aula-polivalent-infantil\/","title":{"rendered":"Aula polivalent infantil"},"content":{"rendered":"<p>Aquesta aula est\u00e0 adre\u00e7ada a poder realitzar activitats amb infants, per\u00f2 tamb\u00e9 serveix\u00a0per fer reunions fins a 10 persones.<\/p>\n<p>Disposa d&#8217;una part destinada a vestuari, \u00a0equipada\u00a0amb: bancs, armari de consignes i sabaters, que facilita l&#8217;acc\u00e9s a les activitats que es realitzen a la sala annexa, anomenada: Aula d&#8217;Activitats F\u00edsiques &#8211; Castelld\u00f2drom.<\/p>\n<p>L\u2019 horari d\u2019aquesta sala ser\u00e0 aprovat pel Consell de Centre. En cas d\u2019activitat extraordin\u00e0ria que requereixi la modificaci\u00f3 de l\u2019horari, la Direcci\u00f3 del Centre el podr\u00e0 variar per facilitar l\u2019activitat, si \u00e9s possible, i ho comunicar\u00e0 als usuaris i usu\u00e0ries amb la m\u00e0xima antelaci\u00f3.<\/p>\n<p>La cessi\u00f3 d\u2019aquesta sala queda subjecte de la disponibilitat de la Colla Matossera de Molins de Rei que en disposa d\u2019\u00fas preferent, i ser\u00e0 coordinada per la Direcci\u00f3 o el Consell del Centre.<\/p>\n<p>Aquest espai s\u2019ha de sol\u00b7licitar amb 15 dies d\u2019antelaci\u00f3.<\/p>\n<p>L\u2019espai es pot cedir a tot tipus de promotor per a la realitzaci\u00f3 d\u2019activitats diverses segons els criteris de cessi\u00f3 i preus p\u00fablics.<\/p>\n<p><img loading=\"lazy\" decoding=\"async\" class=\"aligncenter size-full wp-image-525\" src=\"http:\/\/www.molinsderei.site\/federacio\/wp-content\/uploads\/infantil.jpg\" alt=\"infantil\" width=\"3629\" height=\"2419\" srcset=\"https:\/\/www.molinsderei.site\/federacio\/wp-content\/uploads\/infantil.jpg 3629w, https:\/\/www.molinsderei.site\/federacio\/wp-content\/uploads\/infantil-300x200.jpg 300w, https:\/\/www.molinsderei.site\/federacio\/wp-content\/uploads\/infantil-768x512.jpg 768w, https:\/\/www.molinsderei.site\/federacio\/wp-content\/uploads\/infantil-1024x683.jpg 1024w\" sizes=\"auto, (max-width: 3629px) 100vw, 3629px\" \/><\/p>\n","protected":false},"excerpt":{"rendered":"<p>Aquesta aula est\u00e0 adre\u00e7ada a poder realitzar activitats amb infants, per\u00f2 tamb\u00e9 serveix\u00a0per fer reunions fins a 10 persones. Disposa d&#8217;una part destinada a vestuari, \u00a0equipada\u00a0amb: bancs, armari de consignes i sabaters, que facilita l&#8217;acc\u00e9s a les activitats que es realitzen a la sala annexa, anomenada: Aula d&#8217;Activitats F\u00edsiques &#8211; Castelld\u00f2drom. L\u2019 horari d\u2019aquesta sala [&hellip;]<\/p>\n","protected":false},"author":1,"featured_media":0,"parent":0,"menu_order":0,"comment_status":"closed","ping_status":"closed","template":"","meta":{"footnotes":""},"class_list":["post-386","page","type-page","status-publish","hentry"],"_links":{"self":[{"href":"https:\/\/www.molinsderei.site\/federacio\/wp-json\/wp\/v2\/pages\/386","targetHints":{"allow":["GET"]}}],"collection":[{"href":"https:\/\/www.molinsderei.site\/federacio\/wp-json\/wp\/v2\/pages"}],"about":[{"href":"https:\/\/www.molinsderei.site\/federacio\/wp-json\/wp\/v2\/types\/page"}],"author":[{"embeddable":true,"href":"https:\/\/www.molinsderei.site\/federacio\/wp-json\/wp\/v2\/users\/1"}],"replies":[{"embeddable":true,"href":"https:\/\/www.molinsderei.site\/federacio\/wp-json\/wp\/v2\/comments?post=386"}],"version-history":[{"count":0,"href":"https:\/\/www.molinsderei.site\/federacio\/wp-json\/wp\/v2\/pages\/386\/revisions"}],"wp:attachment":[{"href":"https:\/\/www.molinsderei.site\/federacio\/wp-json\/wp\/v2\/media?parent=386"}],"curies":[{"name":"wp","href":"https:\/\/api.w.org\/{rel}","templated":true}]}}

<p>Aquesta aula està adreçada a poder realitzar activitats amb infants, però també serveix per fer reunions fins a 10 persones.</p>
<p>Disposa d&#8217;una part destinada a vestuari,  equipada amb: bancs, armari de consignes i sabaters, que facilita l&#8217;accés a les activitats que es realitzen a la sala annexa, anomenada: Aula d&#8217;Activitats Físiques &#8211; Castelldòdrom.</p>
<p>L’ horari d’aquesta sala serà aprovat pel Consell de Centre. En cas d’activitat extraordinària que requereixi la modificació de l’horari, la Direcció del Centre el podrà variar per facilitar l’activitat, si és possible, i ho comunicarà als usuaris i usuàries amb la màxima antelació.</p>
<p>La cessió d’aquesta sala queda subjecte de la disponibilitat de la Colla Matossera de Molins de Rei que en disposa d’ús preferent, i serà coordinada per la Direcció o el Consell del Centre.</p>
<p>Aquest espai s’ha de sol·licitar amb 15 dies d’antelació.</p>
<p>L’espai es pot cedir a tot tipus de promotor per a la realització d’activitats diverses segons els criteris de cessió i preus públics.</p>
<p><img loading="lazy" decoding="async" class="aligncenter size-full wp-image-525" src="http://www.molinsderei.site/federacio/wp-content/uploads/infantil.jpg" alt="infantil" width="3629" height="2419" srcset="https://www.molinsderei.site/federacio/wp-content/uploads/infantil.jpg 3629w, https://www.molinsderei.site/federacio/wp-content/uploads/infantil-300x200.jpg 300w, https://www.molinsderei.site/federacio/wp-content/uploads/infantil-768x512.jpg 768w, https://www.molinsderei.site/federacio/wp-content/uploads/infantil-1024x683.jpg 1024w" sizes="auto, (max-width: 3629px) 100vw, 3629px" /></p>

<p>Aquesta aula està adreçada a poder realitzar activitats amb infants, però també serveix per fer reunions fins a 10 persones. Disposa d&#8217;una part destinada a vestuari,  equipada amb: bancs, armari de consignes i sabaters, que facilita l&#8217;accés a les activitats que es realitzen a la sala annexa, anomenada: Aula d&#8217;Activitats Físiques &#8211; Castelldòdrom. L’ horari d’aquesta sala [&hellip;]</p>
